) + 16/144. Suppose 525*p - 530*p = -m. List the prime factors of p.
2, 397
Let l be (4/2)/((-6)/(-39)). Suppose l = 5*v - 2, -2*n - 3*v = -81. What are the prime factors of n?
2, 3
Let d = 708 + -698. Suppose 3516 = d*g - 5014. What are the prime factors of g?
853
Let a = -129 - -223. Suppose 45 = d + 18. Let f = a - d. List the prime factors of f.
67
Let n(d) = d**3 + 7*d**2 - 4*d + 9. Let w be n(-7). Suppose q = 3*g - 19, -2*q + g - w = -4*g. What are the prime factors of 333/12*q/(-6)?
2, 37
Suppose 5*h = 63 + 77. Suppose 0 = 8*o - h*o + 2580. What are the prime factors of o?
3, 43
Let x(c) = c**3 - 41*c**2 - 303*c + 20. List the prime factors of x(51).
7, 1511
Let f(u) = 6*u**3 + 2*u**2 + 4*u - 33. Let h be f(6). Suppose h = 3*n - q, 3*q + 914 = 2*n + 5*q. What are the prime factors of n?
2, 227
Let g = 6700 + -2520. List the prime factors of g.
2, 5, 11, 19
Suppose 17288 = 2*r - 72*k + 76*k, 25862 = 3*r - 4*k. What are the prime factors of r?
2, 5, 863
List the prime factors of (-125805)/(-14) - 21/294.
2, 4493
Let b = 6 - -22. Suppose 0*f + 14*f = b. What are the prime factors of (-10)/(-15)*63 - f?
2, 5
Let n = -19079 + 37695. List the prime factors of n.
2, 13, 179
Let l(x) be the second derivative of -133*x**3/6 + 139*x**2/2 - 2*x - 20. List the prime factors of l(-4).
11, 61
Let c be (-36)/(-81) - 6218/18. Let d = c - -1814. List the prime factors of d.
13, 113
Let n(o) = -o**2 + 146*o - 703. List the prime factors of n(66).
23, 199
Suppose 0 = -3*f - 2*f + 5*p + 35, 17 = 3*f - 2*p. Let k(b) = 3*b**2 + b**2 - 8 - 16 - 3*b**2 - f*b. List the prime factors of k(-5).
2
Let s be (-3)/6*6*(-8)/12. What are the prime factors of s/(-14) + 170469/329?
2, 7, 37
Let x be 1 + 3 + (-6 - -6). Let w(i) = 3*i**3 + 5*i**2 - 8*i + 31. List the prime factors of w(x).
271
Let n(q) = -q**3 - 16*q**2 + 16*q - 1. Let y be n(-17). Suppose -r + 8 = r, 5*r - y = 2*p. Let g(k) = 17*k**2 + 5*k - 5. What are the prime factors of g(p)?
73
Let c = 12571 + -7453. List the prime factors of c.
2, 3, 853
Suppose 0 = n + 1884 - 1889, 2*s + 4*n - 52838 = 0. List the prime factors of s.
3, 8803
Let z(c) = -25*c + 1379. Let s be z(51). Suppose 182 = 5*h - 898. Suppose s = 10*y - h. List the prime factors of y.
2
Let h be 53/3 - (-2 + (-15)/(-9)). Let i be (62 + 0 + 1)*(21 - h). Let z = -58 + i. List the prime factors of z.
131
Suppose 0 = 4*p - 5 - 15. Suppose -3*b = -p*g + 1175, 3*g - g + b = 470. What are the prime factors of g?
5, 47
Let w = 604 + -555. Let u = 252 + w. What are the prime factors of u?
7, 43
Let f = -93 + 150. Let i = 65 - f. Suppose 7*z = 414 - i. List the prime factors of z.
2, 29
Suppose 3*m + 350416 = 29*m + 18*m. What are the prime factors of m?
2, 11, 181
Let x be ((-2)/(-6))/((34/24)/17). Suppose -10 = -3*a - x*l, 5 - 1 = -2*l. List the prime factors of (-4)/a + (-5)/(30/(-208)).
2, 17
Let n = 1906 - 1903. Let f = 165 - 51. Suppose n*l - f = 261. What are the prime factors of l?
5
Let q(w) = 84*w + 69. Let p be q(-1). Let b be 3*(-106)/((-4)/2). Let n = b + p. List the prime factors of n.
2, 3
Suppose 0 = -37*i + 41*i - 20. Suppose 3*f = i*p + 74, -3*f = -4*p - 0*p - 76. Suppose -4*y = -0*y - f. What are the prime factors of y?
7
What are the prime factors of (58848/120 - -30)/(1/55)?
2, 11, 1301
Suppose -132*i + 286480 + 2021691 = 81067. List the prime factors of i.
2, 3, 19, 37
Let w = 58 - 54. Suppose 3*i = 3*s - s - 27, 0 = -w*i + 2*s - 36. What are the prime factors of (-1345)/i - (-28)/(-63)?
149
Let v(q) = -16*q + 28. Let w be v(2). Let f(g) = 4*g**2 + 3*g - 8. List the prime factors of f(w).
2, 11
Let h be 2/(-4)*(9/9 - 7901). What are the prime factors of h/75*3/4*2?
79
Suppose -3*f = v - 920 - 8860, 2*v = 0. What are the prime factors of f?
2, 5, 163
Let u(b) = b**3 + 6*b**2 + 7*b + 14. Let f be u(-6). Let c be 12/7 - (7 - (-204)/f). Suppose 4*s - 342 = -c*n, -s = 5*n - 65 + 2. List the prime factors of s.
2, 11
Let s be (2/((-8)/(-1939)))/(18/72). Let b be s/14*(2 + 0). Suppose b = 6*t - 47. What are the prime factors of t?
2, 3
Let p be 74784/60 + ((-8)/(-20))/(-1). Let j = p - 753. What are the prime factors of j?
17, 29
Let f(j) = -20*j**3 + j**2 - 95*j - 452. What are the prime factors of f(-5)?
2, 7, 13
List the prime factors of 16/18 - 938809/(-171).
17, 19
Suppose -10*b = 3*t - 6*b + 1051, -t + b = 355. Let s = 685 + t. What are the prime factors of s?
2, 83
Let t(k) be the third derivative of -71*k**4/24 - 4*k**3 + 23*k**2. What are the prime factors of t(-8)?
2, 17
Let t(c) = c**2 + 2*c - 6. Let f be t(-5). Let l(a) = 13*a - 6. Let p be l(12). Suppose 3*w = f + p. What are the prime factors of w?
53
Let f be 27/(-1)*376/(-40)*5. Let d = f + 44. List the prime factors of d.
13, 101
Let u be (2 + 3/9)/((-12)/(-72)). What are the prime factors of (120 - (-3)/3) + (11 - u)?
2, 59
What are the prime factors of 1 - 5 - (5 - 1098)?
3, 11
Let w(a) = 2*a**3 - 7*a**2 - a + 1. Suppose -n - 5*n + 288 = 0. Let m = n - 43. List the prime factors of w(m).
71
Let g(l) = -l + 1 - l**3 - 12*l**2 - 5*l**2 - 12. Let s be g(-17). Suppose s*a - 215 = a. What are the prime factors of a?
43
Let c = 532 - 468. Suppose -i + 12 = -h + 3*i, 4*h - 36 = -5*i. Suppose -6*r + h*r = -c. List the prime factors of r.
2
Let y(t) = 168*t + 4830. List the prime factors of y(34).
2, 3, 7, 251
Let k be (-2 + (-1 - 468))*35/(-21). What are the prime factors of k + (-9)/(-3) + -2?
2, 3, 131
Let s = 57 + -62. Let m(r) = -r**3 - 5*r**2 - 3*r - 10. Let g be m(s). Suppose -g*l + 539 = -2*b, l + 212 = 3*l + b. List the prime factors of l.
107
What are the prime factors of 2*(4971*(-19)/(-6) + 8)?
13, 2423
Suppose 0*m - 4*m = -5*a - 55, -4*a = -2*m + 32. Let f = 164 - 170. List the prime factors of 206/m - f/15.
3, 7
Let t(h) = h**2 + 6*h. Let z be t(-8). Let m(o) = 5*o + 7. Let c(a) = -11*a - 15. Let v(q) = 4*c(q) + 9*m(q). List the prime factors of v(z).
19
Let k = 6353 + -6283. What are the prime factors of k?
2, 5, 7
Suppose 147 = -5*x + 357. Suppose 4*g - 2*d = 126, d - 4*d + x = g. Suppose -4*q = 3*b - 394, -q + g = -b + 176. List the prime factors of b.
2, 3, 23
Let r be (6/(-4))/(2/(-16)). Suppose -5*k - 1106 = -r*k. What are the prime factors of k?
2, 79
Let s be (-6)/(((-90)/192)/(-5)). List the prime factors of (-1 + 231/(-28))*s/2.
2, 37
Suppose -3*u - 20 + 32 = 0. What are the prime factors of -4 - (-1)/(u/2172)?
7, 11
Suppose -68 = -3*t - t. Suppose 0 = -13*h + t*h - 16. Suppose -5*y - h*d = -934, -2*d + 6 + 182 = y. What are the prime factors of y?
2, 3, 31
Suppose -24*y - 336 = 24*y. What are the prime factors of 1619 - (-126)/147*y/2?
2, 101
Let t(l) = 2607*l**2 + 6*l - 11. What are the prime factors of t(4)?
5, 1669
What are the prime factors of 8/26 - (7272612/(-351) + 2)?
2, 3, 1151
Let t be -5 + 1 + (-16)/(-2). Suppose 3*q + 0*a = 2*a + 1070, -5*q + 1780 = -t*a. List the prime factors of q.
2, 3, 5
Suppose -1006*o + 3*k = -1011*o + 205848, -4*o = k - 164677. What are the prime factors of o?
3, 13723
Let d(r) = 8*r**2 + 31*r - 2. Let h(b) = -23*b**2 - 92*b + 6. Let k(o) = -11*d(o) - 4*h(o). What are the prime factors of k(-13)?
17, 19
Suppose 2*k + 15 = 3*z, -4*k + 12 = -8*k. Let d(a) = 8 - a**2 + 11*a**2 - 15*a + 26*a**z - 25*a**3. What are the prime factors of d(-11)?
2, 13
Let l(i) = i + 5 + 24*i - i. Let r be l(8). Suppose 187 = 4*x - r. What are the prime factors of x?
2, 3
Let p(i) = 117*i - 138. What are the prime factors of p(26)?
2, 3, 11
Suppose 5*d = -5*x - 0*x + 6100, 0 = 4*d - 4*x - 4856. What are the prime factors of d?
1217
Let r(p) = 57*p**2 - 5*p - 14. Let z(c) = c**2 - 1. Let o(b) = -r(b) + 3*z(b). Let j(k) be the first derivative of o(k). What are the prime factors of j(-1)?
113
Let i(r) be the first derivative of 43*r**2/2 - 10*r + 1. Let u = 62 - 58. What are the prime factors of i(u)?
2, 3
Let x(s) = 2*s**2 + s - 5. Suppose -2*r + 6*r + 20 = 0, 2*j + 5*r = -19. Suppose -j*z = -8*z + 35. List the prime factors of x(z).
2, 5
Let n be (162/(-189))/(3/(-14)) - 16. What are the prime factors of n/(-16) + (-1719)/(-12)?
2, 3
Let h(f) = -f**3 - 6*f**2 + 8*f - 4. Let p be h(-6). Let b = 55 + p. Suppose b*o + o = 860. List the prime factors of o.
5, 43
Suppose 0 = -k - 2*u - 8, 4*u - 9 = -2*k + 5*u. Suppose 3*d = 4*d + k. List the pr